e remainder when p is divided by (-2)/((2 - c/2)/3).
10
Calculate the remainder when 66/(-7)*(-1148)/123 is divided by 18.
16
Suppose 0 = 3*l + 4*s + 337, 0 = 2*l + 4*s - s + 225. Let a = l + 190. Calculate the remainder when a is divided by 20.
19
Suppose 92*h - 44*h - 432 = 0. Suppose 0 = 5*x - 5*v - 150, 5*x - 149 = -v - 23. Calculate the remainder when x is divided by h.
8
Let c = 773 - 734. Calculate the remainder when 271 is divided by c.
37
Let z = -57 - -126. Calculate the remainder when z is divided by 8/((5/(-3))/(-5)).
21
Let f = 35 - -16. What is the remainder when f is divided by 40/2 - (-3 + 10)?
12
Let z(l) = -l + 17. Suppose -k + b - 3 = 0, 3*k + b + 5 - 4 = 0. Let t be -7*(k/(-1) - 3). What is the remainder when 5 is divided by z(t)?
2
Let d(c) = -7*c - 7. Suppose -6*y + 9*y = 249. Calculate the remainder when y is divided by d(-5).
27
Suppose 34*f + 34*f = 521 + 363. Let t(n) = n**3 - 2*n**2 + 3*n - 3. What is the remainder when f is divided by t(2)?
1
Suppose -4*m + 103 + 105 = 0. What is the remainder when m is divided by 19?
14
Let k = -2538 - -2541. Calculate the remainder when 135 is divided by k.
0
Let w(a) = 4*a + 4. Let g be w(0). Suppose -b - m = -39, -6*m - 132 = -g*b - 2*m. What is the remainder when 143 is divided by b?
35
Let w(r) = -2*r - 8*r - 26 + 5*r. Let l = 7 - 2. What is the remainder when w(-8) is divided by l?
4
Suppose -45 = -3*v + 3*k, -2*v - 4*k = -4*v + 36. Calculate the remainder when v is divided by 52/6 - 8/12.
4
Suppose -5*i + 0*i - 5 = 5*w, 4*w + 8 = -3*i. Suppose 4*d - 16 = 0, -2*p + i*d + 139 = 3*p. What is the remainder when p is divided by 8?
7
Let a(r) = 7*r - 25. What is the remainder when 146 is divided by a(9)?
32
Suppose 9*c - 4*c - 65 = 0. Let i = -65 + 101. Calculate the remainder when i is divided by c.
10
Suppose -36*b = -239 - 445. What is the remainder when 131 is divided by b?
17
Calculate the remainder when 114 is divided by (-13 - 2)*(66/18 + -5).
14
Suppose 23*v + 45*v = 748. What is the remainder when 19 is divided by v?
8
Suppose 17*u - 118 = 426. Calculate the remainder when 14/(((-6)/3)/(-18)) is divided by u.
30
Let b be 1720/26 + 5/(195/(-6)). Suppose -4*y - 22 = -b. What is the remainder when 32 is divided by y?
10
Suppose 2*z = 5*a + 70, 4*z = -0*a + 3*a + 28. What is the remainder when 106 is divided by ((-4)/(-2) - -7)/((-12)/a)?
10
Let v = -853 + 927. Calculate the remainder when v is divided by 15.
14
Suppose 1004 - 113 = 3*v. Suppose v + 180 = 3*n. Calculate the remainder when n is divided by 40.
39
Let d(a) = 2*a**3 - 11*a**2 + 6*a + 2. Let z be d(6). Let n = -63 + z. Calculate the remainder when 40 is divided by n.
7
Calculate the remainder when 1043 is divided by -9 - -16 - 1*-5.
11
Let j(m) = -2*m**2 - 7*m + 9. Let t(g) = -g**3 + g**2 + 17. Suppose 0*c = 3*c. What is the remainder when t(c) is divided by j(-4)?
2
Suppose 5*l - 1259 = -34. Suppose -29 = 4*q - l. Suppose 0 = -3*p + 2*p + 14. Calculate the remainder when q is divided by p.
12
Let n = -80 + 140. Let j = -10 + n. Calculate the remainder when j is divided by 13.
11
Let t(i) = 2*i**3 - 48*i**2 + 47*i + 26. What is the remainder when 145 is divided by t(23)?
47
Let s(j) = -j + 9. Let f be s(3). Suppose -78 = -f*i - 0*i. Calculate the remainder when 51 is divided by i.
12
What is the remainder when (-60)/(-24)*2 - (-171 + 0) is divided by 20?
16
Suppose -46*s + 4256 = 87*s. What is the remainder when 36 is divided by s?
4
Suppose -5*g + 214 - 94 = 0. What is the remainder when 149 is divided by (300/g)/(1/2)?
24
Let i = 7 - 1. Let o = 11 - i. Suppose -11*l = -27 - 50. Calculate the remainder when l is divided by o.
2
Let h(t) be the second derivative of t**4/6 + 5*t**3/6 + 7*t**2/2 - 17*t. What is the remainder when h(-5) is divided by 11?
10
Suppose s = -3 - 3. Let z = 40 + -25. What is the remainder when z is divided by 3 - (s + (-4 - -7))?
3
Suppose 3*q - 55 = -2*q. Let r(y) = 6*y**2 + 228*y - 115. What is the remainder when r(-39) is divided by q?
9
Let n(c) = c**2 + c + 9. Let k = -12 - -12. Let o be n(k). Calculate the remainder when (-12)/10*(-570)/o is divided by 26.
24
Let r = 93 - 28. Let v = -37 + r. Suppose 5*f - 4*u = v, 0*f = -2*f + 3*u + 7. Calculate the remainder when 20 is divided by f.
4
Let x(j) = j**3 - 2*j**2 + 2. Suppose -20*o + 42 = -19*o. Calculate the remainder when o is divided by x(3).
9
Suppose -4*j + o = 68, 56 = -5*j - 3*o - 12. Let f = j + 24. Suppose -8 = -f*v + 4*v. Calculate the remainder when v is divided by 2.
0
Let n = 297 + -277. What is the remainder when 56 is divided by n?
16
Suppose 588*k - 550 = 577*k. Calculate the remainder when 90 is divided by k.
40
Let o = 164 - 151. What is the remainder when 75 is divided by o?
10
Let l be -1 + 3 - (1 + -3). Suppose l*x + 153 = x. Let p = 79 + x. Calculate the remainder when p is divided by 10.
8
Suppose -14 = -3*a + 1. Let d be (-1)/1 + -1 + 11. Suppose l + 0 = a*o + 20, -3*o - d = 0. What is the remainder when 8 is divided by l?
3
Suppose -6 = 3*f - 0*d + 4*d, f + 4*d = -2. What is the remainder when (1 + 80/f)/(6/(-4)) is divided by 15?
11
Let a be -2*2/(-2) + 3. Suppose -z + 170 = a*b - 6*z, -46 = -b - 2*z. Suppose -4*l = -28 - 28. What is the remainder when b is divided by l?
10
Suppose -5*o + c = -171, 33 = 9*o - 8*o + c. What is the remainder when 506 is divided by o?
30
Suppose -8 - 44 = 2*g. Let n = g + 38. Let z = 45 + -12. Calculate the remainder when z is divided by n.
9
Suppose -3*a + 5*a = 4. Let o be -3*(3 + (-104)/a). Suppose 0 = -3*r - 3*s + o, -s - 207 = -5*r + 8. Calculate the remainder when r is divided by 15.
14
Calculate the remainder when (544/12)/(10/15) is divided by 36.
32
Let j = 76 - 42. Let f = j + -25. Calculate the remainder when -4*(-3)/(3/4) is divided by f.
7
Suppose 29 = s - 58. Suppose -4*z + 69 = -s. Calculate the remainder when z is divided by 21.
18
Let o = -2 - -34. Suppose -6 = 2*g - o. Let j(s) = -14*s - 8. Calculate the remainder when j(-5) is divided by g.
10
Let c(r) = r**2 - 6*r - 3. Let k be c(7). Suppose -5*q + k*j = 5*j + 80, 3*j = 4*q + 64. Let b = q + 21. Calculate the remainder when 7 is divided by b.
2
Let f be -4 + 0 - (33 - 3). Calculate the remainder when 82 is divided by (f/(-4))/(4/8).
14
Suppose 5*r + 90 = -4*p + 8*p, 5*r = -2*p + 30. Calculate the remainder when p is divided by 7.
6
Let s = 4 + -4. Let w(u) = u**2 - u + 14. What is the remainder when 26 is divided by w(s)?
12
Let u = 2104 - 2086. Suppose 0 = -3*x + 4*x - 5*m - 23, -2*x - 5*m = -76. What is the remainder when x is divided by u?
15
Suppose -r = -4*i - 5 - 7, -4*r = -4*i - 108. What is the remainder when 253 is divided by r?
29
Let y = 1432 - 1405. Let v(o) be the second derivative of -o**3/6 + o**2/2 - o. What is the remainder when y is divided by v(-5)?
3
Suppose -2 = 5*j - f, 0 = -4*j + 2*f + f - 6. Calculate the remainder when 37 is divided by (0 - (j + -1)) + 0 + 18.
18
Let z be (-4)/10 - (-54)/(-15). Let c = -11 - z. Let m = c - -18. Calculate the remainder when 20 is divided by m.
9
Let y(z) = 19*z**2 - z. Let p(w) = w. Let c(f) = -f - 16. Let j(m) = c(m) - 2*p(m). Calculate the remainder when y(1) is divided by j(-7).
3
Let m(d) = 6*d**2 - 16*d + 9. What is the remainder when 70 is divided by m(3)?
10
Suppose 5*a + 3*r = -76, 30 + 4 = -2*a - 3*r. Let c = a - -17. Calculate the remainder when c is divided by (4/(-5))/(2/(-5)).
1
Let m be (-1)/(254/(-126) + 2). Suppose -39*d - 12 = -43*d. What is the remainder when m/d + 1 + -3 is divided by 5?
4
Suppose 186 - 18 = 6*q. Calculate the remainder when q is divided by 17.
11
Let a = 21 - -24. Suppose -133 = -3*s - 0*q + q, s - q = a. Calculate the remainder when s is divided by 16.
12
Suppose 12*h + 5*h = 1275. Calculate the remainder when h is divided by 35.
5
Suppose 44*w - 5720 = -11*w. Calculate the remainder when 421 is divided by w.
5
Let f(j) = j**3 - 18*j**2 + 3*j - 21. Calculate the remainder when 102 is divided by f(18).
3
Let o = -34 + 49. Let z = o - 4. Calculate the remainder when 29 is divided by z.
7
Let u(o) = -5*o**3 - o**2 + 4*o - 2. What is the remainder when u(-3) is divided by 29?
25
Let s(k) = -k**2 - 4*k + 3. Let v be s(-4). Suppose -q = -3*j - 17, 0 = -5*q - 13*j + 18*j + 35. What is the remainder when 17 is divided 